607709?
9
What is the tens digit of 379853?
5
What is the units digit of 50884?
4
What is the millions digit of 4224996?
4
What is the thousands digit of 620367?
0
What is the ten thousands digit of 235949?
3
What is the thousands digit of 6577986?
7
What is the hundreds digit of 3198143?
1
What is the hundreds digit of 201911?
9
What is the units digit of 246645?
5
What is the units digit of 221626?
6
What is the tens digit of 7094466?
6
What is the hundreds digit of 715186?
1
What is the units digit of 379431?
1
What is the hundred thousands digit of 147424?
1
What is the hundreds digit of 769379?
3
What is the hundreds digit of 1353164?
1
What is the units digit of 10052139?
9
What is the hundred thousands digit of 3865359?
8
What is the hundreds digit of 21894085?
0
What is the millions digit of 1919062?
1
What is the thousands digit of 788587?
8
What is the units digit of 2011241?
1
What is the tens digit of 1114752?
5
What is the thousands digit of 1534627?
4
What is the ten thousands digit of 563194?
6
What is the ten thousands digit of 410812?
1
What is the ten thousands digit of 223820?
2
What is the hundred thousands digit of 15847511?
8
What is the tens digit of 37368?
6
What is the thousands digit of 840526?
0
What is the tens digit of 634841?
4
What is the ten thousands digit of 8983035?
8
What is the units digit of 4860581?
1
What is the tens digit of 1058576?
7
What is the units digit of 2809870?
0
What is the units digit of 145005?
5
What is the hundreds digit of 554251?
2
What is the thousands digit of 2569471?
9
What is the thousands digit of 3190918?
0
What is the hundred thousands digit of 2356082?
3
What is the tens digit of 71394?
9
What is the tens digit of 39553634?
3
What is the tens digit of 1128381?
8
What is the hundred thousands digit of 596977?
5
What is the millions digit of 13085138?
3
What is the ten thousands digit of 1993270?
9
What is the tens digit of 8380661?
6
What is the hundred thousands digit of 1355348?
3
What is the tens digit of 4399300?
0
What is the thousands digit of 7885889?
5
What is the tens digit of 621644?
4
What is the thousands digit of 571998?
1
What is the hundreds digit of 1670780?
7
What is the thousands digit of 131646?
1
What is the hundreds digit of 2830571?
5
What is the thousands digit of 7380875?
0
What is the tens digit of 116957?
5
What is the ten millions digit of 20230110?
2
What is the hundred thousands digit of 679393?
6
What is the ten millions digit of 13210709?
1
What is the thousands digit of 3079620?
9
What is the hundreds digit of 29533842?
8
What is the ten thousands digit of 2063436?
6
What is the units digit of 300910?
0
What is the units digit of 4957217?
7
What is the tens digit of 5086628?
2
What is the hundred thousands digit of 116068?
1
What is the tens digit of 588840?
4
What is the units digit of 23493?
3
What is the ten thousands digit of 438887?
3
What is the ten thousands digit of 158528?
5
What is the ten thousands digit of 30945?
3
What is the tens digit of 1670400?
0
What is the millions digit of 9435720?
9
What is the units digit of 3704520?
0
What is the tens digit of 8467461?
6
What is the ten thousands digit of 1800108?
0
What is the hundreds digit of 418693?
6
What is the millions digit of 2719188?
2
What is the thousands digit of 194167?
4
What is the thousands digit of 40125?
0
What is the hundreds digit of 717407?
4
What is the tens digit of 3106100?
0
What is the thousands digit of 409602?
9
What is the hundred thousands digit of 669708?
6
What is the millions digit of 1548418?
1
What is the tens digit of 579275?
7
What is the ten thousands digit of 13240251?
4
What is the thousands digit of 102747?
2
What is the units digit of 761791?
1
What is the thousands digit of 173238?
3
What is the tens digit of 415628?
2
What is the millions digit of 7252476?
7
What is the thousands digit of 273722?
3
What is the tens digit of 107527?
2
What is the units digit of 1054311?
1
What is the units digit of 288472?
2
What is the units digit of 459681?
1
What is the units digit of 1247174?
4
What is the millions digit of 1620307?
1
What is the hundreds digit of 1038798?
7
What is the ten thousands digit of 365542?
6
What is the hundreds digit of 97569?
5
What is the hundreds digit of 133186?
1
What is the ten millions digit of 14317327?
1
What is the units digit of 1444776?
6
What is the hundreds digit of 6872?
8
What is the ten thousands digit of 4635694?
3
What is the hundred thousands digit of 898921?
8
What is the hundred thousands digit of 911961?
9
What is the hundred thousands digit of 817266?
8
What is the millions digit of 3648475?
3
What is the thousands digit of 272460?
2
What is the hundreds digit of 12453338?
3
What is the units digit of 3483268?
8
What is the units digit of 216111?
1
What is the thousands digit of 417860?
7
What is the tens digit of 200284?
8
What is the hundred thousands digit of 320519?
3
What is the hundreds digit of 151964?
9
What is the ten thousands digit of 518845?
1
What is the hundreds digit of 211687?
6
What is the tens digit of 21919?
1
What is the hundred thousands digit of 2430456?
4
What is the ten thousands digit of 6642993?
4
What is the ten thousands digit of 10720290?
2
What is the hundreds digit of 71844?
8
What is the millions digit of 4450118?
4
What is the hundred thousands digit of 3594713?
5
What is the ten thousands digit of 1631554?
3
What is the hundreds digit of 2703624?
6
What is the ten thousands digit of 13468050?
6
What is the hundred thousands digit of 1612241?
6
What is the millions digit of 10781463?
0
What is the hundreds digit of 33282?
2
What is the millions digit of 2307730?
2
What is the ten millions digit of 22342001?
2
What is the hundred thousands digit of 286001?
2
What is the hundred thousands digit of 127430?
1
What is the tens digit of 2089166?
6
What is the tens digit of 853670?
7
What is the hundreds digit of 231294?
2
What is the ten thousands digit of 42947?
4
What is the millions digit of 2937285?
2
What is the millions digit of 5418786?
5
What is the hundred thousands digit of 582577?
5
What is the tens digit of 515302?
0
What is the hundreds digit of 8587913?
9
What is the hundreds digit of 728473?
4
What is the units digit of 4832425?
5
What is the thousands digit of 1926529?
6
What is the millions digit of 5463333?
5
What is the units digit of 1101944?
4
What is the units digit of 2561066?
6
What is the tens digit of 7069628?
2
What is the units digit of 478343?
3
What is the hundreds digit of 68709?
7
What is the tens digit of 438828?
2
What is the hundreds digit of 381888?
8
What is the thousands digit of 587774?
7
What is the millions digit of 23427644?
3
What is the units digit of 2517457?
7
What is the thousands digit of 4478299?
8
What is the tens digit of 7891166?
6
What is the tens digit of 16162211?
1
What is the tens digit of 741366?
6
What is the units digit of 996680?
0
What is the thousands digit of 59109?
9
What is the hundreds digit of 411559?
5
What is the units digit of 579380?
0
What is the units digit of 4355636?
6
What is the millions digit of 6615349?
6
What is the ten thousands digit of 27343769?
4
What is the units digit of 19855405?
5
What is the millions digit of 1273002?
1
What is the hundred thousands digit of 2664786?
6
What is the thousands digit of 1005?
1
What is the ten thousands digit of 5397816?
9
What is the ten thousands digit of 65228?
6
What is the ten thousands digit of 547508?
4
What is the tens digit of 19564454?
5
What is the hundred thousands digit of 375373?
3
What is the ten millions digit of 10092573?
1
What is the tens digit of 208078?
7
What is the thousands digit of 2444776?
4
What is the hundreds digit of 6149613?
6
What is the units digit of 24003690?
0
What is the tens digit of 10159372?
7
What is the hundred thousands digit of 5403426?
4
What is the units digit of 6243222?
2
What is the units digit of 1594834?
4
What is the ten thousands digit of 245960?
4
What is the units digit of 1249419?
9
What is the ten thousands digit of 1780444?
8
What is the units digit of 9514189?
9
What is the hundreds digit of 563815?
8
What is the units digit of 17762?
2
What is the thousands digit of 1048361?
8
What is the hundred thou